c and 42?
21
Let n = 19 + -8. Calculate the greatest common factor of 99 and n.
11
Suppose 4*k = 9*k - 210. Calculate the greatest common factor of k and 105.
21
Let n(c) = 7*c - 3. Let u be n(-3). Let o be (u/(-20))/((-6)/(-80)). What is the highest common divisor of 8 and o?
8
Let m = -36 + 53. Let r = m + -10. Let b(d) = d**3 + 4*d**2 - 4*d - 2. Let w be b(-4). What is the greatest common factor of r and w?
7
Let w be 3/1 + (-6)/((-6)/1). Calculate the highest common factor of 1 and w.
1
Let w(t) be the first derivative of t**3/3 + 7*t**2/2 - 2*t + 1. Let a be w(-9). Calculate the highest common factor of a and 64.
16
Suppose -4*s = -3*z + 155, 8*s - 5*z + 190 = 3*s. Let m = s + 81. What is the highest common divisor of 10 and m?
10
Suppose 2*h + 12 = 6*h. Suppose h*f - 1 = 11. What is the greatest common divisor of f and 28?
4
Let j be (0/(6 + -3))/(-1). Suppose j*c - 24 = -4*c. Calculate the highest common divisor of 9 and c.
3
Suppose 5*g + 10 = -5*s, g - 5 = s + 5*g. Let h be 0 + (-80)/4*s. Let n be (-2)/(-7) - 1118/(-7). Calculate the greatest common factor of n and h.
20
Let b(w) = -2*w + 12. Let h be b(4). What is the greatest common divisor of 20 and h?
4
Suppose -p + 4 = -h, 0*p + 3*p = -h + 4. What is the highest common divisor of p and 3?
1
Suppose 2*p = 172 + 102. Suppose -16 = -2*l - 74. Let c = l + p. What is the greatest common divisor of c and 12?
12
Let g = 5 + -1. Suppose 0 = -4*q + x + 2*x - 2, 2*q - 6 = 5*x. Let w be (3 + q)/((-2)/(-4)). What is the highest common divisor of w and g?
2
Suppose 15*r - 8*r = 308. Calculate the greatest common divisor of 484 and r.
44
Suppose 3 = -p - 1. Let u = 11 - p. Suppose 0 = -25*l + 61 + 14. Calculate the highest common factor of u and l.
3
Let o = 58 - 52. Calculate the highest common divisor of 18 and o.
6
Suppose -4 - 8 = -3*l. Suppose 6 = -5*c + 4*x, l*c + 3*x - 27 = -7. Suppose -21 - 3 = -c*a. What is the highest common factor of 12 and a?
12
Suppose -u + 5*u = -3*x + 71, 0 = 3*x + u - 65. Calculate the highest common divisor of 42 and x.
21
Suppose 2*w + 54 = 4*n, -3*w - 16 = -2*n + 9. What is the greatest common factor of n and 84?
14
Suppose 3*p - 11 = 2*h, -2*p = -2*h + 2 - 10. Suppose 4 = p*t - 2. Calculate the highest common divisor of t and 22.
2
Let f(w) = -w**2 + 13*w - 23. Let g be f(10). Calculate the highest common divisor of 119 and g.
7
Let o(w) = w - 5. Let l be o(3). Let h(k) = -67*k - 1. Let c be h(l). What is the greatest common divisor of 19 and c?
19
Suppose -4*l = -4*f, -l = -3*f - 5*l. Let z = f - -13. Calculate the greatest common factor of 65 and z.
13
Let k be 14/4 - (-1)/2. Let b be (-120)/36*(-6)/4. Let y = b - -3. What is the greatest common factor of k and y?
4
Let x be (-54)/((-4)/((-8)/(-3))). Suppose -d + x = 2*d. What is the greatest common divisor of 30 and d?
6
Let w(q) = 4*q + 16. Let h be w(-7). Let d = 11 - h. Calculate the greatest common divisor of 253 and d.
23
Let y(z) = -z**2 - 5*z + 2. Let b be y(-5). Suppose t + b*t - 39 = 0. Calculate the greatest common divisor of 26 and t.
13
Let o = -22 + 37. Let t = 10 - 8. Suppose 5*c - t*h = 290, 0 = c + c + 5*h - 145. What is the highest common factor of o and c?
15
Let t = -91 - -121. What is the greatest common divisor of 70 and t?
10
Suppose 3*n - 58 = -4*d + 2*n, -n = -2. Let a be (-90)/8*(-7 - -3). Let i = a + -24. Calculate the greatest common factor of d and i.
7
Suppose 0 = 4*c - 22 + 2. Let y be 18 + -2 + -1 - (-4 - -4). What is the highest common divisor of c and y?
5
Suppose 4*y = 4*j + 44, 0 = 4*y - 0*y + 5*j - 71. Calculate the highest common factor of y and 378.
14
Let f(n) = -n**2 + 4*n. Let u be f(3). Suppose u - 17 = m. Let y be (-2)/(-6) - m/3. Calculate the greatest common divisor of 10 and y.
5
Suppose 7*v = 4*v + 51. Calculate the highest common factor of v and 187.
17
Let o be 0 + (-2)/(6/(-9)). Suppose -2*r - 20 = -o*r. Calculate the greatest common divisor of 10 and r.
10
Let n = 20 + 8. Let q be 2/7 - (-5144)/n. What is the highest common factor of 23 and q?
23
Let z = -37 + 57. Let k be 2/8 - (-95)/z. Calculate the highest common divisor of k and 1.
1
Let l(k) = -4*k + 3. Let w be l(-6). Suppose 2*p = -5*d - 0*d - 75, -5*d + 4*p = 45. Let c = d + w. What is the greatest common factor of 7 and c?
7
Let u(d) = 2*d**3 - 2*d**2 - 3*d + 2. Let r be u(2). Suppose r*i - 332 = 496. Let g = -55 + 78. Calculate the highest common factor of i and g.
23
Let g(c) = 13*c**3 - 3*c**2 + 2*c - 1. Let x be g(2). Let q = -43 + 62. What is the highest common divisor of q and x?
19
Suppose 0 = -4*i + 4*t + 20, -2*i - 5*t - 13 + 2 = 0. Let q be (5/(-4))/(i/(-40)). What is the greatest common factor of 10 and q?
5
Let z = -7 + 16. Let t(w) = w**2 + 6*w - 5. Let p be t(-6). Let r = p - -8. What is the greatest common factor of r and z?
3
Let g(h) = -h**3 - 5*h**2 + 8*h + 23. Let f be g(-6). What is the highest common factor of 55 and f?
11
Suppose -56 = -y - 5*g + 44, -350 = -3*y - 5*g. Calculate the greatest common divisor of 25 and y.
25
Suppose 94 = 3*h - 206. Suppose -h = -0*q + 2*q. Let y = -16 - q. What is the highest common factor of 17 and y?
17
Let k be (-2)/10*-78 - (-2)/5. What is the highest common factor of 16 and k?
16
Let h(q) = -9*q - 6. Let o be h(-6). Let t be 10/(-20) - 47/(-2). Let s = t - 11. Calculate the highest common divisor of o and s.
12
Let u(g) = -g - 2 + 7*g + 4 + 2*g. Let o be u(3). Suppose 5*i = 68 - 3. Calculate the highest common divisor of o and i.
13
Let j = 233 + -228. Let n(l) = -l**2 + 7*l - 5. Let g be n(5). Suppose r + x - 5 = 0, g*x - 10 = -2*r + 4*x. Calculate the highest common divisor of r and j.
5
Let b = 6 - 4. Suppose -4*h + 66 = -b*h. Suppose 0 = -6*g + g + 15. What is the highest common divisor of g and h?
3
Let f be 9 - 1 - 2*1. Let y = f - -5. Calculate the highest common factor of y and 55.
11
Let v = -3 - 1. Let i be 1/((v/(-34))/2). Suppose -5*p + i = -123. Calculate the greatest common factor of 7 and p.
7
Suppose -2*x - 15 = -p - 4*p, 0 = 5*p - 5. Let h(d) = d**2 - d + 16. Let u be h(0). Let j = u - x. What is the highest common factor of 14 and j?
7
Suppose -3*t = -36 - 0. Calculate the highest common divisor of 16 and t.
4
Let l(h) = 2*h**2 - 7*h + 3. Let j be l(5). Calculate the greatest common divisor of 6 and j.
6
Let p(g) = g**2 + 5*g + 1. Let w be p(-6). Let f(x) = 7*x**3 + x - 2. Let c be f(3). Let z = c + -134. What is the greatest common factor of z and w?
7
Let g be ((-168)/(-70))/(3/140). Calculate the highest common divisor of g and 16.
16
Let p(y) = -y**2 - 16*y - 3. Suppose 0 = 3*a + a + 36. Let k be p(a). Suppose 0*z - z = -k. Calculate the greatest common divisor of z and 24.
12
Let j = -49 - -58. What is the greatest common factor of 99 and j?
9
Let s(h) = h**3 + 14*h**2 - 8*h + 3. Let v be s(-14). Calculate the greatest common factor of v and 23.
23
Suppose -5*t + 7*t - 36 = -5*f, -f + 3*t - 3 = 0. Calculate the greatest common divisor of 222 and f.
6
Let p be (-22)/(-4) + 2 + (-33)/66. What is the greatest common divisor of 7 and p?
7
Let d = 94 - 29. Suppose -9*h = -14*h + d. Calculate the highest common divisor of 91 and h.
13
Let a = -8 - -3. Let g be 2/(-6)*a*12. Suppose 5*i = -4*f + 30, -2*f - 11 = -2*i + 19. What is the highest common factor of g and i?
10
Suppose 5*m - 187 = -w - 14, 5*w = 15. What is the highest common factor of m and 306?
34
Let f(p) = -p**2 + 7*p + 5. Let v be f(7). Calculate the highest common factor of 10 and v.
5
Suppose 4*l = 4 + 4. Suppose 0 = 5*b - 3*i - 19, -l*b + i - 2 = 3*i. Suppose 4*s - 6 = b. What is the highest common divisor of s and 10?
2
Suppose -3*p - p = 792. Let f be p/(2 - 2 - 1). Calculate the highest common factor of f and 22.
22
Let r be (2*1/2)/(8/456). Calculate the greatest common divisor of r and 19.
19
Let q be 69/(-18) + 2/(-12). Let k = q - -5. Let i = -1 + 8. Calculate the greatest common factor of k and i.
1
Let d be 4/10*(18 - -7). What is the greatest common factor of d and 90?
10
Suppose 4*o - 6*o + 22 = 0. Let k(g) = 4*g**3 + g**2 - 3*g + 3. Let u be k(2). Calculate the greatest common factor of u and o.
11
Suppose -2 = -h + 1. Suppose i + 215 = 5*w, -5*w = h*i - 102 - 133. Calculate the greatest common divisor of w and 11.
11
Suppose 0*l + 2*l = 16